= 3*u - 5*u + 6. List the prime factors of z(c).
47
Suppose 7*g - 733 - 50597 = 4740. What are the prime factors of g?
2, 3, 5, 89
Let s(x) = -3*x + 12. Let b be s(0). Let h be (-4)/(-6) - (-16)/b. Suppose 5*c - 1130 = -5*r, 3*r - 120 - 327 = -h*c. What are the prime factors of c?
3, 7, 11
Suppose -g = -2*d + 426, -2*g = -5*d + 8*d - 653. Let b = d - 183. List the prime factors of b.
2
Let l(n) = -2*n**2 - 7*n + 1. Let g be l(-3). Let b be 6/g*2380/15. What are the prime factors of b/((2/5)/((-1)/(-5)))?
7, 17
What are the prime factors of 1*71745 + 4 + (-128 - -124)?
3, 5, 4783
Let g = -2877 + 7753. What are the prime factors of g?
2, 23, 53
Let o(x) = 46 + 13*x - 8*x - 22. Let a = 28 - 9. What are the prime factors of o(a)?
7, 17
Let p = -1010 - -1553. Let v = p + 26. What are the prime factors of v?
569
What are the prime factors of 140266/(-129)*(116/24 - -4)*-9?
7, 53, 233
Let h(b) = -9*b**3 - b**2 - b - 3. Let i(g) = 3*g - 6*g + 4*g - 2*g - 2. Let u be i(0). What are the prime factors of h(u)?
67
Suppose 4*j - 5*a + 71 = 0, 0*a - 2*a = -3*j - 55. Suppose 19 = 5*s - 6, -5*m = -s + 450. Let l = j - m. List the prime factors of l.
2, 5, 7
Suppose 1025*j + 9962 = 1042*j. List the prime factors of j.
2, 293
Suppose 0 = -3*a + 6 + 3. Suppose 1 = -t - a*v, 3*v + 81 = 4*t + 25. Suppose 10*x + 77 = t*x. List the prime factors of x.
7, 11
Let u = 6418 + -254. List the prime factors of u.
2, 23, 67
Suppose -2*m + 3705 = 3*m + 5*d, -2*d = 3*m - 2219. Suppose -m = -6*v + 709. What are the prime factors of v?
241
List the prime factors of (25 + -29)*10/(120/(-35106)).
2, 5851
Suppose 10 = 48*p - 53*p. Let t be -3 + 13 + p + -3. Suppose -5*z - 4*q + 392 = -2*q, -2*z + 180 = -t*q. List the prime factors of z.
2, 5
Let w(s) = 37*s**2 - 60*s + 244. Let p(o) = -12*o**2 + 20*o - 81. Let i(t) = 8*p(t) + 3*w(t). List the prime factors of i(5).
359
Let d(w) = -w**2 - 19*w - 16. Let r be d(-18). List the prime factors of r/(-20) - 40420/(-200).
2, 101
Suppose 8 = 2*o + i - 133, -3*o + 214 = i. Suppose 0 = -2*t + 5*k + o, k - 49 + 6 = -2*t. List the prime factors of t.
2, 3
Let p = 33 - 29. Suppose -5*l - x + 1278 = -777, 0 = -3*l + p*x + 1210. What are the prime factors of l?
2, 5, 41
Suppose 12*s + 5913 = 30*s - 20061. What are the prime factors of s?
3, 13, 37
Let w = 15367 - 805. List the prime factors of w.
2, 3, 809
Let c = 35900 + -16375. What are the prime factors of c?
5, 11, 71
Let m be 1/3 - (-1900)/(-12). Let j be (-34)/4*(-9 + -2 - -21). Let s = j - m. List the prime factors of s.
73
Suppose -11*j - 36 = 63. Let w(r) = r**2 + 11*r + 18. Let t be w(j). Suppose 3*n + 160 = y, -y + t*y + n = -156. List the prime factors of y.
2, 7, 11
Suppose 20*b + 27*b - 404811 = 0. What are the prime factors of b?
3, 11, 29
Suppose 2*t - 3*h = 68, -3*h - h = 3*t - 85. Let s(l) = 10*l + 233. What are the prime factors of s(t)?
3, 181
Suppose 2*b - 504 = -7*b. Suppose -62 = -w - b. Suppose 0 = -3*t - 3*r - w, -2*t - 4*r - 19 = r. List the prime factors of t.
3
What are the prime factors of (15/(-9) + 1)/((-10)/241575) + 3?
2, 4027
Let v(k) = -59*k + 8 + 16 + 9 - 1 - 5. What are the prime factors of v(-21)?
2, 3, 211
Suppose -23*g + 247010 = 11*g. What are the prime factors of g?
5, 1453
What are the prime factors of -1 + (6 - (-13210)/(-40))*-148?
2, 3, 31, 43
Let w be 0/(-34) - -2*1. Let f be ((-3)/w)/(8/(-16)). Suppose l - f = 1, 2*l - 188 = -5*h. What are the prime factors of h?
2, 3
Let n(c) = 4 + 16*c - 21 - 25. What are the prime factors of n(4)?
2, 11
Let r be ((-72)/4)/(-1 + 0). List the prime factors of (-18)/162 + 2126/r.
2, 59
Let z(t) = t**3 + 26*t**2 + 23*t - 14. Let k be z(-11). Suppose 98*h = 94*h + k. List the prime factors of h.
3, 43
Let j = 4921 - 3969. List the prime factors of j.
2, 7, 17
Suppose 35*u - 69*u + 2414 = 0. What are the prime factors of u?
71
Suppose -2*y + 248 = m, 3*m - 375 = -3*y - 9. Suppose -532 = -p + y. What are the prime factors of p?
2, 7, 47
List the prime factors of (-70880)/(-25)*(-5)/(-2).
2, 443
Let l(w) = -w**2 + 8*w - 13. Let v be l(3). Suppose 0 = 2*j + v*g + 2, 19 = 2*j - 3*g - 2*g. What are the prime factors of (-2 + -22)/j*-15?
2, 3, 5
Suppose 9*c + 1 = 37. What are the prime factors of ((-37)/3)/(c/(-84))?
7, 37
Let v(m) = -6*m**3 - 5*m**2 + 3*m - 2. Let c be v(-2). List the prime factors of (4865/c)/(6/24).
7, 139
Let i = -212 - -234. Suppose -3*u - 3 = 3*d, 5*u - 5*d - 37 = 2*u. What are the prime factors of 139 + (-45)/(-55) + u/i?
2, 5, 7
Suppose -c + 6999 = 4*g, 22*c = 18*c - 4*g + 27984. List the prime factors of c.
5, 1399
Let l(w) = 4*w + 3. Let g be (2/(-6))/((-5)/285) - -1. Let a be 28/6 + g/(-12) + 1. List the prime factors of l(a).
19
Suppose 5*a - v - 86 + 939 = 0, -2*a - 2*v - 334 = 0. Let j = 302 - a. List the prime factors of j.
2, 59
Let k(v) = 194*v**3 + 2*v**2 - 43*v + 184. What are the prime factors of k(4)?
2, 5, 7, 89
Suppose 5*l - 101275 = 2*u, 44*l - 43*l - 20255 = -u. List the prime factors of l.
5, 4051
Let x be (1 + -3)*(5 + -3). Suppose -12*b - 137 = 43. What are the prime factors of (-348)/(-90) + x - 1997/b?
7, 19
What are the prime factors of 640/112*(-165858)/(-44)?
2, 3, 5, 359
What are the prime factors of (360066/(-84))/((-2)/4)?
8573
Let u = -279 + 582. Suppose 201 = 4*j - u. Suppose j = 19*o - 2059. List the prime factors of o.
5, 23
Let u = -991 + -435. Let k = u + 2281. List the prime factors of k.
3, 5, 19
Let c(q) = 2060*q**2 + 210*q + 419. What are the prime factors of c(-2)?
7, 11, 107
Let n(h) = h**2 + 15*h - 40. Let g be n(-20). Let f = 63 - g. Suppose 8 = f*s + 5, 2*y = -3*s + 123. List the prime factors of y.
2, 3, 5
Let r(y) = 8*y - 3 + 182*y**2 + 18 - 16*y. What are the prime factors of r(2)?
727
Suppose 10*g - 5 = 5*g, 0 = 5*x - 3*g + 213. Let d = x + 46. Suppose 150 + 6 = d*l. List the prime factors of l.
3, 13
Suppose 0 = 36*m - 588791 - 462157. List the prime factors of m.
3, 37, 263
Let b = -281 + 335. What are the prime factors of b?
2, 3
Let l = -11023 - -16185. What are the prime factors of l?
2, 29, 89
Suppose -5*i = -2*p - 34686, 0*i - 6930 = -i + 4*p. What are the prime factors of i?
2, 3469
Suppose -5*z - 4*o = 20, 3*z - 5 = -z + o. Suppose z = h + h - 16. List the prime factors of h/(-24) - 926/(-6).
2, 7, 11
Let a = -62 + 61. Let x be (6/5)/a*10/(-3). Suppose x*y - 272 = 128. List the prime factors of y.
2, 5
Let i be -2 + (-4)/(((-18)/(-39))/(-3)). Let t = i + -21. Suppose 4*k + 2*g = 94, 3*k + t*g - 27 = 36. What are the prime factors of k?
2, 13
Let j = 2478 + -906. Suppose 0 = 4*c + o - j, -7*o + 800 = 2*c - 3*o. List the prime factors of c.
2, 7
Suppose 0 = -11*j + 5*j + 150. Let x(n) = 3*n**2 - 6*n - 90. List the prime factors of x(j).
3, 5, 109
Let z(d) = -2*d**2 + 26*d + 9. Let u(b) = -b**2 + b + 1. Let x(f) = -4*u(f) + z(f). List the prime factors of x(-16).
3, 5, 11
Let u(y) = -y**2 + 56*y - 143. Let l = 430 + -409. List the prime factors of u(l).
2, 37
Let d be 3564/90 - (-6)/(-10). Let m = d + -23. Suppose 290 = 3*t - 2*i, 2*t - 5*i - 170 = m. List the prime factors of t.
2, 7
Let i = 122506 - 86508. What are the prime factors of i?
2, 41, 439
List the prime factors of -33*(-175978)/285 + 39/15.
3, 6793
List the prime factors of -3791*(6/10 + 160/(-100)).
17, 223
Let a = 346 - 613. Let q = 521 + a. List the prime factors of q.
2, 127
Let h be 0 - (-1*2 + -58). Let q(y) = -y**2 + 12*y + 242. Let r be q(-10). Let f = h - r. What are the prime factors of f?
2, 19
Let l = -29497 + 50829. What are the prime factors of l?
2, 5333
Let i(u) = -76*u**3 + 4*u**2 - 4*u + 5. Let y(t) = -2*t**3 + t. Let a(g) = -i(g) + 2*y(g). What are the prime factors of a(2)?
3, 7
Suppose 84*d = 4*d + 1803120. What are the prime factors of d?
3, 11, 683
Suppose -1577887 = -99*n + 1427951. List the prime factors of n.
2, 17, 19, 47
Let v(p) = -25*p + 253. Let d be v(10). Suppose 2*l - 2*u = d*l - 1432, -1411 = -l + 5*u. List the prime factors of l.
2, 23, 31
Let v = 24551 + 69445. List the prime factors of v.
2, 3, 7, 373
Let i(q) = -3*q - 2*q + 56*q**3 + 6*q. Suppose -347*o + 336*o + 11 = 0. List the prime factors of i(o).
3, 19
Let p(i) = i**3 + 15*i**2 - 29*i - 6. Let n(k) = k**3 - 15*k + 5. Let g be n(4). What are the prime factors of p(g)?
3, 13, 43
Suppose -